3 - 4*x**2 + 2*x + 3. Let r be i(3). Suppose k + 3*k - r = 0. Calculate the greatest common factor of 18 and k.
9
Let b(s) = -s**2 + 10*s + 9. Let x be b(9). Let m be ((-16)/(-1))/(12/x). What is the greatest common divisor of 60 and m?
12
Suppose 0 = m - 53 - 82. Calculate the greatest common factor of m and 54.
27
Let h(o) = -4*o + 2*o + 7*o**2 + 3*o. Suppose -5*i + 18 = -r, 2*r - 5*i - 4 = -20. Let w be h(r). What is the highest common divisor of 6 and w?
6
Suppose 9*f - 4*f = -j + 19, -5*f + 17 = 3*j. Let d be (-1)/f - 99/(-12). Suppose 8 = o - 0*o. What is the highest common divisor of o and d?
8
Let g be (35 + -3)*(0 + -1). Let c = -7 - g. Suppose l = 5, -3*t + 68 = 2*l + c. Calculate the greatest common factor of t and 22.
11
Let b(o) = o**3 - 9*o**2 + 3*o - 12. Let h be b(9). What is the greatest common divisor of h and 3?
3
Suppose 2*c + 1 = 27. Let m(s) = 2*s + 19. Let j be m(c). Let o = -35 + 53. What is the highest common divisor of o and j?
9
Let r(w) = -12*w - 15. Let k be r(-7). What is the greatest common factor of k and 46?
23
Suppose 41*m - 56 = 37*m. What is the highest common factor of 7 and m?
7
Suppose 4*x + 35 = m, -3*x - m + 6*m - 39 = 0. Let b = 14 + x. Let c(q) = q**2 - 3*q - 3. Let u be c(-3). What is the greatest common divisor of u and b?
3
Suppose j + j - 2 = 0. Suppose -2*t + 4 = 5*c, -5*t - 8 - j = 3*c. Let m be (20/t)/(5/(-15)). What is the greatest common factor of 50 and m?
10
Let y be 1*(-2)/(-2) - -3. Let j(p) = -p**3 + 3*p**2 + 6*p - 5. Let s be j(y). Suppose 0 = -s*n + 6*n - 384. What is the highest common factor of 16 and n?
16
Let z be 10/(-15) - 152/(-12). What is the highest common divisor of z and 96?
12
Let k be -65 + -4 + 2 + -1. Let p = k - -208. Suppose 0 = -5*b - 3*z + 4*z + 96, -2*b = z - 44. Calculate the highest common factor of p and b.
20
Suppose -2*m + 4*u - 9*u - 21 = 0, -3*m = u - 1. Let s(a) = 5*a**2 - 3*a**2 + m*a**3 + a**3 - a. Let l be s(2). What is the highest common divisor of l and 12?
6
Let m(s) = 2*s**2 + s + 1. Let n be m(-1). What is the highest common divisor of 7 and n?
1
Suppose -z = -5*h + 3, -z - 2*h - 3 = -2*z. What is the highest common factor of 21 and z?
7
Let m = 28 + -12. What is the highest common divisor of 48 and m?
16
Let b(d) = -7*d - 1. Let w(u) = -3*u. Let k(v) = 2*b(v) - 5*w(v). Let n be k(6). What is the highest common factor of n and 36?
4
Let r(u) = -u**2 + 8*u - 11. Let i be r(5). Calculate the highest common factor of i and 4.
4
Suppose -5*k = -0*k - 70. Calculate the greatest common factor of k and 28.
14
Let p(c) = -2*c**3 + 11*c**2 + 9*c - 9. Let t be p(6). What is the highest common factor of t and 99?
9
Suppose -1 = 2*m - q, -4*m - 6*q + 3*q + 23 = 0. Suppose 0 = m*h - 3 - 5. What is the greatest common divisor of h and 4?
4
Let i = -14 - -24. Calculate the greatest common divisor of 4 and i.
2
Let k be 4/(-2) + 2 + -7. Let p be (24/7)/((-1)/k). Calculate the highest common factor of p and 12.
12
Let c be (2 - (-4)/(-1)) + 6. Suppose 0 = 2*v - 17 + 1. Let m = -4 + v. What is the greatest common divisor of m and c?
4
Let g = 10 + -8. Let f = 0 + g. Suppose f*y = 5*y - 36. Calculate the greatest common divisor of 4 and y.
4
Suppose -2*g + 12 = -30. Suppose 4*k + 0*k = -12. Let q be (-1 + 2)/(k/(-9)). Calculate the highest common divisor of q and g.
3
Let v = -138 - -196. What is the greatest common factor of 29 and v?
29
Let j(g) = -55*g + 9. Let i be j(7). Let z = 772 + i. Let y be (21/(-9))/((-4)/z). Calculate the highest common divisor of 21 and y.
21
Let b = 9 + 12. Let w = b - 15. Suppose -2*v - 4*k + 89 + 27 = 0, -3*v = -2*k - 206. Calculate the highest common factor of v and w.
6
Let b(o) = -o - 1 - 3*o - 2. Let q be b(-4). Suppose -5*k + 32 = -q. What is the greatest common factor of 27 and k?
9
Let n = -7 + 9. Suppose -2*w - 35 = -5*w + n*f, 4*w - 35 = 5*f. Calculate the highest common factor of 45 and w.
15
Let o be 2*(-3 + 0 - -4). What is the highest common factor of 10 and o?
2
Let v = 154 - 112. What is the greatest common factor of v and 294?
42
Let r be (24/6)/(-3*2/(-93)). What is the highest common factor of 434 and r?
62
Suppose 7*z = 10*z - 138. Calculate the highest common divisor of z and 69.
23
Let z be ((-8)/6)/((-1)/3). Suppose 0 = -3*t + t + 8. Suppose 0 = -5*q + 2*h + 270, -228 = z*q - 8*q + t*h. Calculate the greatest common divisor of 13 and q.
13
Let r(j) = 0*j**2 - 3*j**2 - 1 - 9*j**3 + 3 + 2*j**2 + j. Let v be r(-1). Calculate the greatest common divisor of v and 45.
9
Let x be -5 + (2 - 6/(-1)). Calculate the greatest common factor of x and 4.
1
Suppose 5*d - 169 = -4*q, d - 154 = -4*q - d. Suppose 3*j = 7*j - 16. Calculate the greatest common factor of j and q.
4
Suppose -12 = -2*o + 76. Let y(d) = 2*d**2 - 7. Let h be y(-3). Calculate the highest common factor of h and o.
11
Suppose -2*d = -3*d + 4. What is the highest common divisor of d and 36?
4
Suppose -4*q + 4 + 76 = 0. Let i = -9 + 13. Calculate the greatest common divisor of q and i.
4
Let b be ((-3)/1 - -2)*41. Let w = 91 + b. What is the greatest common factor of w and 20?
10
Let p be (1 - 0)*2/(-1). Let d = p + 8. Calculate the greatest common factor of d and 24.
6
Let w be (42 - -3) + 0/(-1). What is the highest common divisor of w and 5?
5
Let c(f) = f**3 + 15*f**2 - 2*f - 21. Let p be c(-15). Calculate the highest common factor of p and 1.
1
Suppose 168 = 3*h - 138. Let j be 3/(-15) + h/10. What is the greatest common factor of 90 and j?
10
Let y(r) = 23*r**2 - r + 1. Let c be y(1). Let z = c + -36. Let q = z + 94. What is the highest common factor of 9 and q?
9
Suppose 88 = 12*y - 8. Calculate the greatest common factor of y and 8.
8
Suppose -5*l + 0*n = -2*n - 440, 4*l + 4*n - 352 = 0. Suppose 2*g + j - 27 = 0, 2*g - 5*j = -2*j + 7. Calculate the highest common divisor of l and g.
11
Let w = -7 - -8. Let k(i) = 3*i + 2. Let x be k(w). Calculate the greatest common factor of 15 and x.
5
Let v(u) = 7*u - 3. Let q be v(4). Let g = -15 + q. Let x = 310 + -220. Calculate the highest common factor of g and x.
10
Let k = 36 - -212. Let z = k + -140. What is the greatest common divisor of z and 27?
27
Let w(k) = 3*k - 12. Let j be w(8). Let f = 7 + -4. Calculate the highest common factor of f and j.
3
Suppose 4*j - 123 + 23 = 0. Let b(m) = -14*m - 4. Let z be b(-1). What is the highest common factor of z and j?
5
Suppose 84 + 105 = 3*p - h, -315 = -5*p + 2*h. What is the greatest common factor of 42 and p?
21
Let s(r) = -r + 5. Let x be s(5). Suppose d + 0 = -2*c + 8, x = 5*d + 5*c - 60. Let p = 51 - 19. What is the highest common factor of p and d?
16
Let v(m) = -m**2 - 6*m - 4. Let u be v(-4). Suppose -p = -u*x - 73, -52 = -p - x + 31. Calculate the highest common divisor of p and 9.
9
Let f be (12/7)/((-2)/(-7)). Calculate the greatest common factor of f and 6.
6
Let p = 109 - 97. Calculate the greatest common factor of 18 and p.
6
Suppose -8*k + 11 = -37. Let w be (-1)/((-2)/(-4)) - -50. What is the highest common divisor of w and k?
6
Let n(t) = t**2 + 4*t - 32. Let u be n(-14). Let s(i) = -i**3 - 3*i**2 - 4. Let g be s(-4). Calculate the highest common factor of g and u.
12
Let v be (-289)/(-4) - (-2)/(-8). Let y(a) = -4*a**2 + 4*a + 4. Let q be y(-3). Let i be q/(-4) + (0 - 2). What is the greatest common divisor of v and i?
9
Let i be 16/7 - (-4)/(-14). Let w be 5 + 0*i/4. Suppose 0 = q - w, -m - 39 = -4*m + 3*q. What is the greatest common factor of m and 162?
18
Suppose -5*m + m + 20 = 0. Suppose 0 = 5*d - 3*b - 25, -m*d + 2*d + 29 = b. Calculate the highest common factor of 16 and d.
8
Let r be (-5)/10 + 21/2. Calculate the highest common divisor of r and 50.
10
Suppose 0 = 3*k + 5*f - 4, -3*k - 3*f = -k - 4. Let u = 28 + k. What is the highest common factor of 12 and u?
12
Let y(m) = -m**3 - 19*m**2 + 18*m + 41. Let v be y(-20). What is the highest common divisor of v and 135?
27
Let n = -7 + 23. Let g be -40*(-2 - (-1 + 0)). Calculate the greatest common factor of n and g.
8
Let j(z) = z**3 + 9*z**2 + 9*z + 6. Let y be j(-7). Suppose -4*x - 12 = -0*x, -4*v = x - y. Let i = -10 + 54. What is the greatest common divisor of i and v?
11
Suppose -3*r + 4*d = -136, -3*d = 5*r - 117 - 129. Let f = 60 - 28. Calculate the highest common divisor of r 